{"id":1586,"date":"2020-12-22T02:22:00","date_gmt":"2020-12-22T02:22:00","guid":{"rendered":"https:\/\/dragarciaalvarez.com\/member\/dra-ana-carrasco-sancho\/"},"modified":"2025-05-29T07:53:00","modified_gmt":"2025-05-29T07:53:00","slug":"dra-ana-carrasco-sancho","status":"publish","type":"member","link":"https:\/\/dragarciaalvarez.com\/fr\/member\/dra-ana-carrasco-sancho\/","title":{"rendered":"Dra Ana Carrasco Sancho"},"content":{"rendered":"<div class=\"wpb-content-wrapper\"><div class=\"vc_row wpb_row row top-row vc_custom_1608603959337 wpb_custom_034b39d9bc6c6b310d69e39f0ccf274f\"><div class=\"pb-4 pb-lg-0 contact-info vc_column_container col-md-12 col-lg-4\" data-appear-animation=\"fadeInUp\" data-appear-animation-delay=\"200\"><div class=\"wpb_wrapper vc_column-inner\"><div class=\"porto-ultimate-content-box-container custom-box-shadow pb-5 mb-5\"><style>.porto_ucb_21b6bf01188be9ba0119a2cb5c097588{will-change: box-shadow;box-shadow: none;}.porto_ucb_21b6bf01188be9ba0119a2cb5c097588:hover{box-shadow:none}<\/style><div class=\"porto-ultimate-content-box porto_ucb_21b6bf01188be9ba0119a2cb5c097588\" style=\"\">\r\n\t<div class=\"wpb_single_image wpb_content_element vc_align_center wpb_content_element  vc_custom_1717058043620  mb-5 wpb_custom_81a4f7ef9830bf958462581aa01150fb\"><div class=\"wpb_wrapper\">\r\n\t\t\t\r\n\t\t\t<div class=\"vc_single_image-wrapper   vc_box_border_grey\"><img loading=\"lazy\" decoding=\"async\" width=\"333\" height=\"350\" src=\"https:\/\/dragarciaalvarez.com\/wp-content\/uploads\/2024\/05\/Diseno-sin-titulo.png\" class=\"vc_single_image-img attachment-full\" alt=\"\" title=\"Dise\u00f1o sin t\u00edtulo\" \/><\/div>\r\n\t\t<\/div>\r\n\t<\/div>\r\n<h3 style=\"font-size: 1.5em;line-height: 1;text-align: center;font-weight:600;letter-spacing:-0.05em\" class=\"vc_custom_heading vc_do_custom_heading px-4 mb-1 wpb_custom_aa365bd5046e8294520b4e73732b9d15 text-capitalize\" >Dra Ana Carrasco Sancho<\/h3><p style=\"color: #969696;text-align: center;letter-spacing:2.5px\" class=\"vc_custom_heading vc_do_custom_heading px-4 mb-3 wpb_custom_aa365bd5046e8294520b4e73732b9d15 text-uppercase\" >Sp\u00e9cialiste en endodontie et esth\u00e9tique dentaire.<\/p><p style=\"line-height: 1.7;text-align: center;font-weight:300\" class=\"vc_custom_heading vc_do_custom_heading px-4 mb-2 wpb_custom_aa365bd5046e8294520b4e73732b9d15\" >Dipl\u00f4m\u00e9 en m\u00e9decine dentaire<br \/>\nNum\u00e9ro de membre - 28009572<\/p><\/div><\/div><div class=\"porto-separator   mb-4\"><hr class=\"separator-line  wpb_content_element align_center solid\"><\/div><h2 style=\"font-size: 1.65em;line-height: 24px;font-weight:700;letter-spacing:-0.05em\" class=\"vc_custom_heading vc_do_custom_heading mb-2 font-style-normal wpb_custom_aa365bd5046e8294520b4e73732b9d15 align-left\" >Information de contact<\/h2><p  class=\"vc_custom_heading vc_do_custom_heading pb-2 mb-4 wpb_custom_aa365bd5046e8294520b4e73732b9d15 align-left\" >N'h\u00e9sitez pas \u00e0 venir chez nous.<\/p><a aria-label=\"T\u00e9l\u00e9phone\" class=\"porto-sicon-box-link\" href=\"#\"><div class=\"porto-sicon-box  wpb_custom_860683fe6d5975d7b2cff563f7366f5c style_1 default-icon\"><div class=\"porto-sicon-default\"><div class=\"porto-just-icon-wrapper porto-icon none\" style=\"color:#ad9263;font-size:31px;\"><i class=\"Simple-Line-Icons-phone\"><\/i><\/div><\/div><div class=\"porto-sicon-header\"><h4 class=\"porto-sicon-title\" style=\"font-weight:700;font-size:1em;color:#212529;line-height:1;\">T\u00e9l\u00e9phone<\/h4><p style=\"line-height:1.6;color:#777777;\">(+34) 91 522 91 68<\/p><\/div> <!-- header --><\/div><!-- porto-sicon-box --><\/a><a aria-label=\"E-mail\" class=\"porto-sicon-box-link\" href=\"#\"><div class=\"porto-sicon-box py-2 my-4  wpb_custom_860683fe6d5975d7b2cff563f7366f5c style_1 default-icon\"><div class=\"porto-sicon-default\"><div class=\"porto-just-icon-wrapper porto-icon none\" style=\"color:#ad9263;font-size:32px;\"><i class=\"Simple-Line-Icons-envelope\"><\/i><\/div><\/div><div class=\"porto-sicon-header\"><h4 class=\"porto-sicon-title\" style=\"font-weight:700;font-size:1em;color:#212529;line-height:1;\">E-mail<\/h4><p style=\"line-height:1.6;color:#777777;\">dragarcia.dentisarts@gmail.com<\/p><\/div> <!-- header --><\/div><!-- porto-sicon-box --><\/a><\/div><\/div><div class=\"vc_column_container col-md-12 col-lg-8\" data-appear-animation=\"fadeInUp\" data-appear-animation-delay=\"400\"><div class=\"wpb_wrapper vc_column-inner\"><p style=\"font-size: 1.2em;font-weight:600\" class=\"vc_custom_heading vc_do_custom_heading pb-2 mb-4 wpb_custom_aa365bd5046e8294520b4e73732b9d15 align-left\" >Ana Carrasco Sancho est une sp\u00e9cialiste de premier plan en endodontie et en esth\u00e9tique dentaire.<\/p><h3 style=\"font-size: 1.35em;line-height: 24px;font-weight:700\" class=\"vc_custom_heading vc_do_custom_heading mb-1 wpb_custom_aa365bd5046e8294520b4e73732b9d15 align-left heading-primary\" >Sur moi<\/h3><p  class=\"vc_custom_heading vc_do_custom_heading mb-4 wpb_custom_aa365bd5046e8294520b4e73732b9d15 align-left\" >Ana Carrasco Sancho est une sp\u00e9cialiste de premier plan en endodontie et en esth\u00e9tique dentaire.<br \/>\nIl a \u00e9tudi\u00e9 \u00e0 l'Universit\u00e9 Rey Juan Carlos I. Il a suivi une formation en esth\u00e9tique dentaire \u00e0 l'Universit\u00e9 Complutense de Madrid, un Master en Endodontie Avanc\u00e9e \u00e0 l'Universit\u00e9 Europ\u00e9enne de Madrid et un master en expertise m\u00e9dicale et \u00e9valuation des blessures corporelles \u00e0 l'Universit\u00e9 d'Alcal\u00e1. de Henares.<br \/>\nActuellement, il exerce comme sp\u00e9cialiste en endodontie et travaille \u00e9galement comme expert dentaire et judiciaire, apportant son expertise dans les affaires juridiques li\u00e9es \u00e0 la dentisterie.<\/p><p  class=\"vc_custom_heading vc_do_custom_heading mb-5 wpb_custom_aa365bd5046e8294520b4e73732b9d15 align-left\" >Le d\u00e9vouement et l'engagement d'Ana envers sa profession se refl\u00e8tent non seulement dans la satisfaction de ses patients, mais \u00e9galement dans son d\u00e9sir continu de rester au courant des derni\u00e8res techniques et avanc\u00e9es dans le domaine dentaire.<\/p><h3 style=\"font-size: 1.35em;line-height: 24px;font-weight:700\" class=\"vc_custom_heading vc_do_custom_heading mb-1 wpb_custom_aa365bd5046e8294520b4e73732b9d15 align-left heading-primary\" >Titre<\/h3><div class=\"porto-process wpb_custom_aa84c36a6a947f6099708744f0f74b68\"><div class=\"process-step wpb_custom_e03dc5a8a169bfdfccbaed44883810c3\" data-appear-animation=\"fadeInUp\" data-appear-animation-delay=\"100\"><div class=\"process-step-circle\"><strong class=\"process-step-circle-content\">1<\/strong><\/div><div class=\"process-step-content\"><h4 class=\"step-item-title\">Universit\u00e9 Complutense de Madrid<\/h4><div class=\"process-step-desc\">\n<p id=\"tw-target-text\" class=\"tw-data-text tw-text-large tw-ta\" dir=\"ltr\" data-placeholder=\"Traducci\u00f3n\" aria-label=\"Texto traducido\" data-ved=\"2ahUKEwi_79Sg6LSGAxVEQ6QEHQvcCe0Q3ewLegQIBRAU\"><span class=\"Y2IQFc\" lang=\"fr\">Master en Endodontie Avanc\u00e9e \u00e0 l&#8217;Universit\u00e9 Europ\u00e9enne de Madrid et master en expertise m\u00e9dicale et \u00e9valuation des dommages corporels \u00e0 l&#8217;Universit\u00e9 d&#8217;Alcal\u00e1 de Henares.<\/span><\/p>\n<p><\/div><\/div><\/div><div class=\"process-step wpb_custom_e03dc5a8a169bfdfccbaed44883810c3\" data-appear-animation=\"fadeInUp\" data-appear-animation-delay=\"100\"><div class=\"process-step-circle\"><strong class=\"process-step-circle-content\">2<\/strong><\/div><div class=\"process-step-content\"><h4 class=\"step-item-title\">Universit\u00e9 europ\u00e9enne de Madrid<\/h4><div class=\"process-step-desc\">\n<div dir=\"ltr\">\n<div dir=\"auto\">\n<p id=\"tw-target-text\" class=\"tw-data-text tw-text-large tw-ta\" dir=\"ltr\" data-placeholder=\"Traducci\u00f3n\" aria-label=\"Texto traducido\" data-ved=\"2ahUKEwi_79Sg6LSGAxVEQ6QEHQvcCe0Q3ewLegQIBRAU\"><span class=\"Y2IQFc\" lang=\"fr\">Master en Endodontie Avanc\u00e9e \u00e0 l&#8217;Universit\u00e9 Europ\u00e9enne de Madrid<\/span><\/p>\n<\/div>\n<\/div>\n<p><\/div><\/div><\/div><div class=\"process-step wpb_custom_e03dc5a8a169bfdfccbaed44883810c3\" data-appear-animation=\"fadeInUp\" data-appear-animation-delay=\"100\"><div class=\"process-step-circle\"><strong class=\"process-step-circle-content\">3<\/strong><\/div><div class=\"process-step-content\"><h4 class=\"step-item-title\">Universit\u00e9 Complutense de Madrid<\/h4><div class=\"process-step-desc\">\n<div dir=\"ltr\">\n<div dir=\"auto\">\n<p id=\"tw-target-text\" class=\"tw-data-text tw-text-large tw-ta\" dir=\"ltr\" data-placeholder=\"Traducci\u00f3n\" aria-label=\"Texto traducido\" data-ved=\"2ahUKEwi_79Sg6LSGAxVEQ6QEHQvcCe0Q3ewLegQIBRAU\"><span class=\"Y2IQFc\" lang=\"fr\">Dipl\u00f4me universitaire d&#8217;esth\u00e9tique dentaire \u00e0 l&#8217;Universit\u00e9 Complutense de Madrid<\/span><\/p>\n<\/div>\n<\/div>\n<p><\/div><\/div><\/div><\/div><h3 style=\"font-size: 1.35em;line-height: 24px;font-weight:700\" class=\"vc_custom_heading vc_do_custom_heading mb-1 wpb_custom_aa365bd5046e8294520b4e73732b9d15 align-left heading-primary\" >Comp\u00e9tences<\/h3><p  class=\"vc_custom_heading vc_do_custom_heading pb-2 mb-4 wpb_custom_aa365bd5046e8294520b4e73732b9d15 align-left\" >Ana exerce en tant que sp\u00e9cialiste en endodontie, fournissant des soins sp\u00e9cialis\u00e9s et de haute qualit\u00e9 \u00e0 ses patients.<\/p><div class=\"vc_progress_bar wpb_content_element  vc_progress-bar-color-bar_grey wpb_custom_a76dda39afd5746795b3e50320217f78\" ><div class=\"progress-label\"><span>Formation continue aux techniques dentaires innovantes<\/span><\/div><div class=\"vc_general vc_single_bar progress vc_progress-bar-color-bar_grey progress-no-border-radius progress-sm\"><span class=\"vc_bar progress-bar \" data-percentage-value=\"100\" data-value=\"100\" style=\"background-color: #212529;\"><span class=\"progress-bar-tooltip\"> <span class=\"vc_label_units\">100%<\/span><\/span><\/span><\/div><div class=\"progress-label\"><span>Reconstruction esth\u00e9tique complexe<\/span><\/div><div class=\"vc_general vc_single_bar progress vc_progress-bar-color-bar_grey progress-no-border-radius progress-sm\"><span class=\"vc_bar progress-bar \" data-percentage-value=\"100\" data-value=\"100\" style=\"background-color: #212529;\"><span class=\"progress-bar-tooltip\"> <span class=\"vc_label_units\">100%<\/span><\/span><\/span><\/div><div class=\"progress-label\"><span>Formation continue aux techniques dentaires innovantes<\/span><\/div><div class=\"vc_general vc_single_bar progress vc_progress-bar-color-bar_grey progress-no-border-radius progress-sm\"><span class=\"vc_bar progress-bar \" data-percentage-value=\"100\" data-value=\"100\" style=\"background-color: #212529;\"><span class=\"progress-bar-tooltip\"> <span class=\"vc_label_units\">100%<\/span><\/span><\/span><\/div><\/div><\/div><\/div><\/div>\n<\/div>","protected":false},"featured_media":2043,"menu_order":0,"comment_status":"open","ping_status":"closed","template":"","member_cat":[],"class_list":["post-1586","member","type-member","status-publish","has-post-thumbnail","hentry"],"acf":[],"_links":{"self":[{"href":"https:\/\/dragarciaalvarez.com\/fr\/wp-json\/wp\/v2\/member\/1586","targetHints":{"allow":["GET"]}}],"collection":[{"href":"https:\/\/dragarciaalvarez.com\/fr\/wp-json\/wp\/v2\/member"}],"about":[{"href":"https:\/\/dragarciaalvarez.com\/fr\/wp-json\/wp\/v2\/types\/member"}],"replies":[{"embeddable":true,"href":"https:\/\/dragarciaalvarez.com\/fr\/wp-json\/wp\/v2\/comments?post=1586"}],"wp:featuredmedia":[{"embeddable":true,"href":"https:\/\/dragarciaalvarez.com\/fr\/wp-json\/wp\/v2\/media\/2043"}],"wp:attachment":[{"href":"https:\/\/dragarciaalvarez.com\/fr\/wp-json\/wp\/v2\/media?parent=1586"}],"wp:term":[{"taxonomy":"member_cat","embeddable":true,"href":"https:\/\/dragarciaalvarez.com\/fr\/wp-json\/wp\/v2\/member_cat?post=1586"}],"curies":[{"name":"wp","href":"https:\/\/api.w.org\/{rel}","templated":true}]}}

<div class="wpb-content-wrapper"><div class="vc_row wpb_row row top-row vc_custom_1608603959337 wpb_custom_034b39d9bc6c6b310d69e39f0ccf274f"><div class="pb-4 pb-lg-0 contact-info vc_column_container col-md-12 col-lg-4" data-appear-animation="fadeInUp" data-appear-animation-delay="200"><div class="wpb_wrapper vc_column-inner"><div class="porto-ultimate-content-box-container custom-box-shadow pb-5 mb-5"><style>.porto_ucb_21b6bf01188be9ba0119a2cb5c097588{will-change: box-shadow;box-shadow: none;}.porto_ucb_21b6bf01188be9ba0119a2cb5c097588:hover{box-shadow:none}</style><div class="porto-ultimate-content-box porto_ucb_21b6bf01188be9ba0119a2cb5c097588" style="">
	<div class="wpb_single_image wpb_content_element vc_align_center wpb_content_element  vc_custom_1717058043620  mb-5 wpb_custom_81a4f7ef9830bf958462581aa01150fb"><div class="wpb_wrapper">
			
			<div class="vc_single_image-wrapper   vc_box_border_grey"><img loading="lazy" decoding="async" width="333" height="350" src="https://dragarciaalvarez.com/wp-content/uploads/2024/05/Diseno-sin-titulo.png" class="vc_single_image-img attachment-full" alt="" title="Diseño sin título" /></div>
		</div>
	</div>
<h3 style="font-size: 1.5em;line-height: 1;text-align: center;font-weight:600;letter-spacing:-0.05em" class="vc_custom_heading vc_do_custom_heading px-4 mb-1 wpb_custom_aa365bd5046e8294520b4e73732b9d15 text-capitalize" >Dra Ana Carrasco Sancho</h3><p style="color: #969696;text-align: center;letter-spacing:2.5px" class="vc_custom_heading vc_do_custom_heading px-4 mb-3 wpb_custom_aa365bd5046e8294520b4e73732b9d15 text-uppercase" >Spécialiste en endodontie et esthétique dentaire.</p><p style="line-height: 1.7;text-align: center;font-weight:300" class="vc_custom_heading vc_do_custom_heading px-4 mb-2 wpb_custom_aa365bd5046e8294520b4e73732b9d15" >Diplômé en médecine dentaire<br />
Numéro de membre - 28009572</p></div></div><div class="porto-separator   mb-4"><hr class="separator-line  wpb_content_element align_center solid"></div><h2 style="font-size: 1.65em;line-height: 24px;font-weight:700;letter-spacing:-0.05em" class="vc_custom_heading vc_do_custom_heading mb-2 font-style-normal wpb_custom_aa365bd5046e8294520b4e73732b9d15 align-left" >Information de contact</h2><p  class="vc_custom_heading vc_do_custom_heading pb-2 mb-4 wpb_custom_aa365bd5046e8294520b4e73732b9d15 align-left" >N'hésitez pas à venir chez nous.</p><a aria-label="Téléphone" class="porto-sicon-box-link" href="#"><div class="porto-sicon-box  wpb_custom_860683fe6d5975d7b2cff563f7366f5c style_1 default-icon"><div class="porto-sicon-default"><div class="porto-just-icon-wrapper porto-icon none" style="color:#ad9263;font-size:31px;"><i class="Simple-Line-Icons-phone"></i></div></div><div class="porto-sicon-header"><h4 class="porto-sicon-title" style="font-weight:700;font-size:1em;color:#212529;line-height:1;">Téléphone</h4><p style="line-height:1.6;color:#777777;">(+34) 91 522 91 68</p></div> <!-- header --></div><!-- porto-sicon-box --></a><a aria-label="E-mail" class="porto-sicon-box-link" href="#"><div class="porto-sicon-box py-2 my-4  wpb_custom_860683fe6d5975d7b2cff563f7366f5c style_1 default-icon"><div class="porto-sicon-default"><div class="porto-just-icon-wrapper porto-icon none" style="color:#ad9263;font-size:32px;"><i class="Simple-Line-Icons-envelope"></i></div></div><div class="porto-sicon-header"><h4 class="porto-sicon-title" style="font-weight:700;font-size:1em;color:#212529;line-height:1;">E-mail</h4><p style="line-height:1.6;color:#777777;">dragarcia.dentisarts@gmail.com</p></div> <!-- header --></div><!-- porto-sicon-box --></a></div></div><div class="vc_column_container col-md-12 col-lg-8" data-appear-animation="fadeInUp" data-appear-animation-delay="400"><div class="wpb_wrapper vc_column-inner"><p style="font-size: 1.2em;font-weight:600" class="vc_custom_heading vc_do_custom_heading pb-2 mb-4 wpb_custom_aa365bd5046e8294520b4e73732b9d15 align-left" >Ana Carrasco Sancho est une spécialiste de premier plan en endodontie et en esthétique dentaire.</p><h3 style="font-size: 1.35em;line-height: 24px;font-weight:700" class="vc_custom_heading vc_do_custom_heading mb-1 wpb_custom_aa365bd5046e8294520b4e73732b9d15 align-left heading-primary" >Sur moi</h3><p  class="vc_custom_heading vc_do_custom_heading mb-4 wpb_custom_aa365bd5046e8294520b4e73732b9d15 align-left" >Ana Carrasco Sancho est une spécialiste de premier plan en endodontie et en esthétique dentaire.<br />
Il a étudié à l'Université Rey Juan Carlos I. Il a suivi une formation en esthétique dentaire à l'Université Complutense de Madrid, un Master en Endodontie Avancée à l'Université Européenne de Madrid et un master en expertise médicale et évaluation des blessures corporelles à l'Université d'Alcalá. de Henares.<br />
Actuellement, il exerce comme spécialiste en endodontie et travaille également comme expert dentaire et judiciaire, apportant son expertise dans les affaires juridiques liées à la dentisterie.</p><p  class="vc_custom_heading vc_do_custom_heading mb-5 wpb_custom_aa365bd5046e8294520b4e73732b9d15 align-left" >Le dévouement et l'engagement d'Ana envers sa profession se reflètent non seulement dans la satisfaction de ses patients, mais également dans son désir continu de rester au courant des dernières techniques et avancées dans le domaine dentaire.</p><h3 style="font-size: 1.35em;line-height: 24px;font-weight:700" class="vc_custom_heading vc_do_custom_heading mb-1 wpb_custom_aa365bd5046e8294520b4e73732b9d15 align-left heading-primary" >Titre</h3><div class="porto-process wpb_custom_aa84c36a6a947f6099708744f0f74b68"><div class="process-step wpb_custom_e03dc5a8a169bfdfccbaed44883810c3" data-appear-animation="fadeInUp" data-appear-animation-delay="100"><div class="process-step-circle"><strong class="process-step-circle-content">1</strong></div><div class="process-step-content"><h4 class="step-item-title">Université Complutense de Madrid</h4><div class="process-step-desc">
<p id="tw-target-text" class="tw-data-text tw-text-large tw-ta" dir="ltr" data-placeholder="Traducción" aria-label="Texto traducido" data-ved="2ahUKEwi_79Sg6LSGAxVEQ6QEHQvcCe0Q3ewLegQIBRAU"><span class="Y2IQFc" lang="fr">Master en Endodontie Avancée à l&#8217;Université Européenne de Madrid et master en expertise médicale et évaluation des dommages corporels à l&#8217;Université d&#8217;Alcalá de Henares.</span></p>
<p></div></div></div><div class="process-step wpb_custom_e03dc5a8a169bfdfccbaed44883810c3" data-appear-animation="fadeInUp" data-appear-animation-delay="100"><div class="process-step-circle"><strong class="process-step-circle-content">2</strong></div><div class="process-step-content"><h4 class="step-item-title">Université européenne de Madrid</h4><div class="process-step-desc">
<div dir="ltr">
<div dir="auto">
<p id="tw-target-text" class="tw-data-text tw-text-large tw-ta" dir="ltr" data-placeholder="Traducción" aria-label="Texto traducido" data-ved="2ahUKEwi_79Sg6LSGAxVEQ6QEHQvcCe0Q3ewLegQIBRAU"><span class="Y2IQFc" lang="fr">Master en Endodontie Avancée à l&#8217;Université Européenne de Madrid</span></p>
</div>
</div>
<p></div></div></div><div class="process-step wpb_custom_e03dc5a8a169bfdfccbaed44883810c3" data-appear-animation="fadeInUp" data-appear-animation-delay="100"><div class="process-step-circle"><strong class="process-step-circle-content">3</strong></div><div class="process-step-content"><h4 class="step-item-title">Université Complutense de Madrid</h4><div class="process-step-desc">
<div dir="ltr">
<div dir="auto">
<p id="tw-target-text" class="tw-data-text tw-text-large tw-ta" dir="ltr" data-placeholder="Traducción" aria-label="Texto traducido" data-ved="2ahUKEwi_79Sg6LSGAxVEQ6QEHQvcCe0Q3ewLegQIBRAU"><span class="Y2IQFc" lang="fr">Diplôme universitaire d&#8217;esthétique dentaire à l&#8217;Université Complutense de Madrid</span></p>
</div>
</div>
<p></div></div></div></div><h3 style="font-size: 1.35em;line-height: 24px;font-weight:700" class="vc_custom_heading vc_do_custom_heading mb-1 wpb_custom_aa365bd5046e8294520b4e73732b9d15 align-left heading-primary" >Compétences</h3><p  class="vc_custom_heading vc_do_custom_heading pb-2 mb-4 wpb_custom_aa365bd5046e8294520b4e73732b9d15 align-left" >Ana exerce en tant que spécialiste en endodontie, fournissant des soins spécialisés et de haute qualité à ses patients.</p><div class="vc_progress_bar wpb_content_element  vc_progress-bar-color-bar_grey wpb_custom_a76dda39afd5746795b3e50320217f78" ><div class="progress-label"><span>Formation continue aux techniques dentaires innovantes</span></div><div class="vc_general vc_single_bar progress vc_progress-bar-color-bar_grey progress-no-border-radius progress-sm"><span class="vc_bar progress-bar " data-percentage-value="100" data-value="100" style="background-color: #212529;"><span class="progress-bar-tooltip"> <span class="vc_label_units">100%</span></span></span></div><div class="progress-label"><span>Reconstruction esthétique complexe</span></div><div class="vc_general vc_single_bar progress vc_progress-bar-color-bar_grey progress-no-border-radius progress-sm"><span class="vc_bar progress-bar " data-percentage-value="100" data-value="100" style="background-color: #212529;"><span class="progress-bar-tooltip"> <span class="vc_label_units">100%</span></span></span></div><div class="progress-label"><span>Formation continue aux techniques dentaires innovantes</span></div><div class="vc_general vc_single_bar progress vc_progress-bar-color-bar_grey progress-no-border-radius progress-sm"><span class="vc_bar progress-bar " data-percentage-value="100" data-value="100" style="background-color: #212529;"><span class="progress-bar-tooltip"> <span class="vc_label_units">100%</span></span></span></div></div></div></div></div>
</div>
